{"version":"1.0","provider_name":"Plan de Pensiones de Empleo (PC30)","provider_url":"https:\/\/www.fpecaixa.info\/ca\/","author_name":"jordiribalta","author_url":"https:\/\/www.fpecaixa.info\/ca\/author\/jordiribalta\/","title":"Celebrem els 25 anys de l'Oficina del Participe! - Plan de Pensiones de Empleo (PC30)","type":"rich","width":600,"height":338,"html":"<blockquote class=\"wp-embedded-content\" data-secret=\"xCvfqRSNbi\"><a href=\"https:\/\/www.fpecaixa.info\/ca\/celebrem-ell-25-anys-de-loficina-del-particip\/\">Celebrem els 25 anys de l&#8217;Oficina del Participe!<\/a><\/blockquote><iframe sandbox=\"allow-scripts\" security=\"restricted\" src=\"https:\/\/www.fpecaixa.info\/ca\/celebrem-ell-25-anys-de-loficina-del-particip\/embed\/#?secret=xCvfqRSNbi\" width=\"600\" height=\"338\" title=\"&#8220;Celebrem els 25 anys de l&#8217;Oficina del Participe!&#8221; &#8212; Plan de Pensiones de Empleo (PC30)\" data-secret=\"xCvfqRSNbi\" frameborder=\"0\" marginwidth=\"0\" marginheight=\"0\" scrolling=\"no\" class=\"wp-embedded-content\"><\/iframe><script type=\"text\/javascript\">\n\/* <![CDATA[ *\/\n\/*! This file is auto-generated *\/\n!function(d,l){\"use strict\";l.querySelector&&d.addEventListener&&\"undefined\"!=typeof URL&&(d.wp=d.wp||{},d.wp.receiveEmbedMessage||(d.wp.receiveEmbedMessage=function(e){var t=e.data;if((t||t.secret||t.message||t.value)&&!\/[^a-zA-Z0-9]\/.test(t.secret)){for(var s,r,n,a=l.querySelectorAll('iframe[data-secret=\"'+t.secret+'\"]'),o=l.querySelectorAll('blockquote[data-secret=\"'+t.secret+'\"]'),c=new RegExp(\"^https?:$\",\"i\"),i=0;i<o.length;i++)o[i].style.display=\"none\";for(i=0;i<a.length;i++)s=a[i],e.source===s.contentWindow&&(s.removeAttribute(\"style\"),\"height\"===t.message?(1e3<(r=parseInt(t.value,10))?r=1e3:~~r<200&&(r=200),s.height=r):\"link\"===t.message&&(r=new URL(s.getAttribute(\"src\")),n=new URL(t.value),c.test(n.protocol))&&n.host===r.host&&l.activeElement===s&&(d.top.location.href=t.value))}},d.addEventListener(\"message\",d.wp.receiveEmbedMessage,!1),l.addEventListener(\"DOMContentLoaded\",function(){for(var e,t,s=l.querySelectorAll(\"iframe.wp-embedded-content\"),r=0;r<s.length;r++)(t=(e=s[r]).getAttribute(\"data-secret\"))||(t=Math.random().toString(36).substring(2,12),e.src+=\"#?secret=\"+t,e.setAttribute(\"data-secret\",t)),e.contentWindow.postMessage({message:\"ready\",secret:t},\"*\")},!1)))}(window,document);\n\/\/# sourceURL=https:\/\/www.fpecaixa.info\/wp-includes\/js\/wp-embed.min.js\n\/* ]]> *\/\n<\/script>\n","thumbnail_url":"https:\/\/www.fpecaixa.info\/wp-content\/uploads\/2025\/12\/Foto_odp.jpg","thumbnail_width":1905,"thumbnail_height":1392,"description":"Aquest any, l&#8217;Oficina del Part\u00edcip del nostre Pla de Pensions, PC30, celebra tamb\u00e9 25 anys acompanyant part\u00edcips i beneficiaris, aix\u00ed com les seves fam\u00edlies, amb un servei proper, efica\u00e7 i professional. Durant tot aquest temps, l&#8217;equip ha treballat amb comprom\u00eds i dedicaci\u00f3, convertint-se en un referent de confian\u00e7a en la gesti\u00f3 del PC30. Aquesta \u00e9s [&hellip;]"}

Aquest any, l&#8217;Oficina del Partícip del nostre Pla de Pensions, PC30, celebra també 25 anys acompanyant partícips i beneficiaris, així com les seves famílies, amb un servei proper, eficaç i professional. Durant tot aquest temps, l&#8217;equip ha treballat amb compromís i dedicació, convertint-se en un referent de confiança en la gestió del PC30. Aquesta és [&hellip;]
